e 0 = -h + 911 - 491. List the prime factors of h.
2, 3, 5, 7
Suppose -269 = 4*y - 5*t, t = 3*t - 10. List the prime factors of (y - -3 - 1)*-1.
59
Let d(p) be the third derivative of -p**4/4 + p**3/6 - 4*p**2. Let w be d(-2). Let o = w - -1. What are the prime factors of o?
2, 7
List the prime factors of (135/(-135))/(1/(-548)).
2, 137
Suppose 3*j + 3 = u + 2*u, 5*j + 3 = 3*u. Let g = -141 + 96. What are the prime factors of 12/4 - (u + g)?
47
Let x(i) = -i**3 - 15*i**2 - 14*i - 12. Let r be x(-14). What are the prime factors of (-930)/r + 1/(-2)?
7, 11
Suppose -7*z = 34 - 6. What are the prime factors of z/16*2*-38?
19
Let m(z) = -z**3 + 15*z**2 - 16*z - 24. What are the prime factors of m(12)?
2, 3
Let q(z) = z**2 + 4*z - 6. Let m be q(2). Suppose m*a - 797 - 631 = 0. What are the prime factors of a?
2, 7, 17
Let b = 49 - 49. Suppose 9*r + 274 - 967 = b. What are the prime factors of r?
7, 11
Suppose -27 = -4*m - 5*m. Suppose 0 = -k + 3*y + 128, 0 = m*y - 4*y - 4. List the prime factors of k.
2, 29
Let d(l) = -14*l - 19. Let h be d(-2). Let q be (-1)/(-2*1/(-2)). What are the prime factors of (5 + -2)*h - q?
2, 7
Suppose -4*g + 379 = -5*h, g - 5*g + h = -399. List the prime factors of g.
101
Let u = 717 + -484. What are the prime factors of u?
233
Let k(s) = 7*s**2 + 17*s + 25. List the prime factors of k(-11).
5, 137
Let c(z) = 186*z**3 + 3*z**2 - 4*z + 3. List the prime factors of c(2).
5, 13, 23
Suppose -5*b + 20 = 5*o, 5*b - 2*o - 6 = 14. Let n(w) = 29*w - 4. Let m be n(b). Suppose z = -h + 27, 4*h - m = -4*z - h. What are the prime factors of z?
23
Let d(h) = h**3 - 2*h**2 + 2*h - 1. Let a be d(2). Suppose -2*o + 1 = -a. Suppose b - o*g = 13, 2*b + 0*b = -2*g + 20. What are the prime factors of b?
11
Let d(c) = 56*c + 188. What are the prime factors of d(9)?
2, 173
Let v(l) = -321*l - 28. What are the prime factors of v(-13)?
5, 829
Suppose -33 = -17*r + 1. Suppose 104 = 2*c - n, r*c - 3*n - 162 = -c. What are the prime factors of c?
2, 5
Suppose 4 = 2*c + 3*i, -c + 1 + 0 = 2*i. Suppose -3*p - 11 = -c. What are the prime factors of p/(-2*(-3)/(-33))?
11
Let k(h) = -258*h - 89. List the prime factors of k(-5).
1201
Let q be (-5)/(-1*(-3)/6). Suppose -5*r + b + 82 = 0, -31 - 7 = -3*r - 5*b. Let w = r + q. List the prime factors of w.
2, 3
Suppose 72*j - 31857 = 35*j. List the prime factors of j.
3, 7, 41
Let k(f) = -f**3 + 30*f**2 - 21*f + 20. What are the prime factors of k(27)?
2, 5, 41
Let t = 180 + -104. Let k = -61 + t. List the prime factors of k.
3, 5
Let k(f) = 4*f - 17. Let s be k(8). What are the prime factors of s - -8 - (3 - 0)?
2, 5
Suppose 16 = 7*y - 3*y. Let r be (1/y)/(4/16). Suppose -b = -29 + r. What are the prime factors of b?
2, 7
What are the prime factors of (96/(-160))/(1 + 566/(-565))?
3, 113
Let t = 93 + -93. Let w(z) be the third derivative of z**4/24 + 17*z**3/6 - 2*z**2. What are the prime factors of w(t)?
17
Let u = 34 - 32. Suppose u*b - 56 - 4 = f, 27 = b + f. List the prime factors of b.
29
Let t(p) = -p**3 - 23*p**2 + 59*p + 39. List the prime factors of t(-26).
13, 41
What are the prime factors of 9/3*1418/(-12)*-2?
709
What are the prime factors of -8 + 23 - 10 - -2515?
2, 3, 5, 7
Let s = 87 - 82. List the prime factors of (-25)/125 - (-686)/s.
137
Let a(w) = -147*w - 144. List the prime factors of a(-10).
2, 3, 13, 17
What are the prime factors of (18/(-8))/((-3)/188)?
3, 47
Let v be 5511/9 - (-1)/(-3). Suppose 0 = -5*t + v + 138. What are the prime factors of t?
2, 3, 5
Let f(o) be the first derivative of -2*o + 8 + 4/3*o**3 + 5/2*o**2. List the prime factors of f(-4).
2, 3, 7
Suppose -q + 18*z = 15*z - 534, 5*z = -5*q + 2670. What are the prime factors of q?
2, 3, 89
Suppose 5*l = 1394 + 856. List the prime factors of l.
2, 3, 5
Let g be 10/3 - 12/(-18)*1. Suppose 73 = 5*d + g*p - 397, -2*d + 200 = 4*p. List the prime factors of d.
2, 3, 5
Let l = -762 - -1635. List the prime factors of l.
3, 97
Let u be 2*(6/(-4))/1. List the prime factors of (3 + -5 - u)*62.
2, 31
Let j(q) = -960*q - 830. List the prime factors of j(-6).
2, 5, 17, 29
Let a = -7033 + 11933. List the prime factors of a.
2, 5, 7
Let h(u) = 67*u + 21. Let k(o) = 33*o + 11. Let z(d) = 3*h(d) - 5*k(d). What are the prime factors of z(5)?
2, 47
Suppose -4*r = 4*g - 9*g - 881, -g - 893 = -4*r. List the prime factors of r.
2, 7
Suppose 14*f - 1398 = 2326. List the prime factors of f.
2, 7, 19
List the prime factors of (-6)/(-4) + (-17007)/(-6) + -10.
2, 3, 157
Let a = 34 - -34. List the prime factors of a.
2, 17
Let p = 334 - 331. Let c be 2 - 2/(2/(-1)). Suppose -p*t - t = q - 35, 33 = 4*t + c*q. What are the prime factors of t?
3
Suppose -71*k + 36670 = -82965. List the prime factors of k.
5, 337
Let o(f) = f**3 - 23*f**2 + 28*f - 81. What are the prime factors of o(23)?
563
Suppose -5*l + 334 + 976 = 0. List the prime factors of l.
2, 131
Suppose -4*k + 6*k + 4 = 0. What are the prime factors of -1*16/(4/k)?
2
Let o(m) = -m**3 + 7*m**2 + 9*m - 4. Let y be o(8). Suppose -y*x = -0*x + 4*u - 276, 0 = -x + 4*u + 59. List the prime factors of x.
67
Suppose 5 = -2*a + 9. Let m(v) = 12*v**2 - 3*v. List the prime factors of m(a).
2, 3, 7
Let a be 8 - (0 + 0 - -4). Suppose -a*u - 46 = -502. What are the prime factors of u?
2, 3, 19
Suppose -17 = -11*r + 16. List the prime factors of (88 + -1)/((r/(-4))/(-1)).
2, 29
Suppose 0 = -3*o + 2*v + 66, 3*o = 2*o + 2*v + 18. Let r(h) = h**3 + 7*h**2 + 14*h + 30. Let b be r(-6). Let u = b + o. What are the prime factors of u?
2, 3
Suppose -2*g + 5*g = -3*x - 36, -2*x + g - 21 = 0. Let o = 45 + x. List the prime factors of o.
2, 17
Let j = -544 - -1664. What are the prime factors of j?
2, 5, 7
Let r be (-50)/(-275) + 40/22 + 0. Suppose 2*c - z = -r*c + 389, 2*c = -z + 193. What are the prime factors of c?
97
Let p(b) = 3*b**2 - 9*b + 3. Let t be p(3). Suppose -t*h + 257 = -y, 4*h + 69 = 5*h + 3*y. List the prime factors of h.
2, 3, 7
Let h(m) = 127*m + 38. What are the prime factors of h(5)?
673
Let y = 16 + 43. Let p = y + -49. What are the prime factors of p?
2, 5
Suppose 4*i = -p + 3362, -4*i = 7*p - 9*p + 6688. List the prime factors of p.
2, 5, 67
Let f = 1279 + 10. List the prime factors of f.
1289
Let z(m) = -67*m - 30. What are the prime factors of z(-8)?
2, 11, 23
Let n be (12/18)/((-2)/9). Let v(d) = 4*d**2 - 2*d + 5. List the prime factors of v(n).
47
Let v be (104 + 0)*(21/(-6) + 5). Suppose 6*h + 6*h = v. List the prime factors of h.
13
Let n(q) = -q**3 - 3*q**2 + 2*q - 5. Suppose -5*f = 23 - 3. Let b be n(f). Suppose -2*z + 38 = 2*o, -36 = -o - o - b*z. List the prime factors of o.
3, 7
Suppose 4*u = -2*v + 16, 19 + 5 = 4*u - 2*v. Suppose -12 = k - u*k. List the prime factors of k.
3
Let r(l) = -35*l - 83. What are the prime factors of r(-39)?
2, 641
Let f be (-1 + 10)/((-12)/(-304)*-1). List the prime factors of (-9)/15 - f/5.
3, 5
What are the prime factors of ((-3)/(-3))/((-9)/(-45657))?
3, 19, 89
Let n(z) = 2*z**2 - 15*z - 53. List the prime factors of n(-19).
2, 3, 53
Let a(s) = -s**2 + 2*s. Let n be a(-2). Let j = -7 - n. Suppose 2*l - j - 15 = 0. What are the prime factors of l?
2
Let u = -27 - -29. Suppose -3*k - 5*f = -44, 6*f - 69 = -5*k + u*f. List the prime factors of k.
13
Suppose 7*c + 6 = 4*c. Let v(q) = 26*q**2 + 4*q. What are the prime factors of v(c)?
2, 3
Let t(o) = -4*o**3 - 2*o**2 + 15*o + 26. List the prime factors of t(-4).
2, 5, 19
Suppose 31*d + 18 = 34*d. Let m be (-4)/d - (-11)/3. What are the prime factors of (m*10 - 0)*2?
2, 3, 5
Suppose -3*f + 781 = 82. List the prime factors of 3/9*f + (-1)/(-3).
2, 3, 13
Let o be 8/12*(-3)/(-2). Suppose 4*i = -o + 5. List the prime factors of 2 + (21 - (i - 1)).
23
List the prime factors of (-38634)/(-47) + 16/2.
2, 5, 83
Suppose d + 154 = -3*w, 4*d + 788 = -d + 3*w. Let c = -110 - d. List the prime factors of c.
47
Let q(b) = -b**2 + 18*b - 64. Let l be q(12). Suppose -3*v = -l*v + 1200. List the prime factors of v.
2, 3, 5
Let m(b) = -676*b - 519. List the prime factors of m(-9).
3, 5, 7, 53
Suppose 5*a = -4*x + 31, 5*x + 3*a = 49 + 6. List the prime factors of 2 - 7/(x/(-100)).
2, 13
Suppose 0*n - 60 = -2*n. What are the prime factors of (-2)/3 - (-5480)/n?
2, 7, 13
Let k(p) = -24*p - 18. Let c be k(-9). Suppose -3*f = -6